{"id":12162,"date":"2024-08-23T14:10:05","date_gmt":"2024-08-23T14:10:05","guid":{"rendered":"https:\/\/jumper.it\/aiway\/?page_id=12162"},"modified":"2024-08-23T14:12:54","modified_gmt":"2024-08-23T14:12:54","slug":"numero-4","status":"publish","type":"page","link":"https:\/\/jumper.it\/aiway\/br\/numeros\/numero-4\/","title":{"rendered":"N\u00famero 4"},"content":{"rendered":"<p>Uma das caracter\u00edsticas que nos faz dizer 'essa imagem foi feita com IA' \u00e9, por exemplo, a falta de detalhes realistas nos rostos ou as imprecis\u00f5es nos elementos ao fundo. Usar Magnific pode ajudar, se usado corretamente. Vamos ver como...<\/p>\n<div class=\"pmpro\"><div class=\"pmpro_card pmpro_content_message\"><div class=\"pmpro_card_content\"><b>Questo \u00e8 un contenuto riservato agli abbonati<\/b> <br \/><a href=\"https:\/\/jumper.it\/aiway\/account-iscrizione\/abbonamento\/\">Registrati<\/a>.<\/div><div class=\"pmpro_card_actions pmpro_font-medium\">Already a member? <a href=\"https:\/\/jumper.it\/aiway\/login\/?redirect_to=https%3A%2F%2Fjumper.it%2Faiway%2Fbr%2Fverdadeiro-falso-magnific%2F\">Accedi<\/a><\/div><\/div><\/div>","protected":false},"excerpt":{"rendered":"<p>Uma das caracter\u00edsticas que nos faz dizer 'essa imagem foi feita com IA' \u00e9, por exemplo, a falta de detalhes realistas nos rostos ou as imprecis\u00f5es nos elementos ao fundo. Usar Magnific pode ajudar, se usado corretamente. Vamos ver como...<\/p>\n<div class=\"pmpro\"><div class=\"pmpro_card pmpro_content_message\"><div class=\"pmpro_card_content\"><b>Questo \u00e8 un contenuto riservato agli abbonati<\/b> <br \/><a href=\"https:\/\/jumper.it\/aiway\/account-iscrizione\/abbonamento\/\">Registrati<\/a>.<\/div><div class=\"pmpro_card_actions pmpro_font-medium\">Already a member? <a href=\"https:\/\/jumper.it\/aiway\/login\/?redirect_to=https%3A%2F%2Fjumper.it%2Faiway%2Fbr%2Fverdadeiro-falso-magnific%2F\">Accedi<\/a><\/div><\/div><\/div>","protected":false},"author":2,"featured_media":0,"parent":10607,"menu_order":0,"comment_status":"closed","ping_status":"closed","template":"page-full-width.php","meta":{"pmpro_default_level":"","footnotes":""},"class_list":["post-12162","page","type-page","status-publish","hentry","pmpro-has-access"],"_links":{"self":[{"href":"https:\/\/jumper.it\/aiway\/wp-json\/wp\/v2\/pages\/12162","targetHints":{"allow":["GET"]}}],"collection":[{"href":"https:\/\/jumper.it\/aiway\/wp-json\/wp\/v2\/pages"}],"about":[{"href":"https:\/\/jumper.it\/aiway\/wp-json\/wp\/v2\/types\/page"}],"author":[{"embeddable":true,"href":"https:\/\/jumper.it\/aiway\/wp-json\/wp\/v2\/users\/2"}],"replies":[{"embeddable":true,"href":"https:\/\/jumper.it\/aiway\/wp-json\/wp\/v2\/comments?post=12162"}],"version-history":[{"count":4,"href":"https:\/\/jumper.it\/aiway\/wp-json\/wp\/v2\/pages\/12162\/revisions"}],"predecessor-version":[{"id":12166,"href":"https:\/\/jumper.it\/aiway\/wp-json\/wp\/v2\/pages\/12162\/revisions\/12166"}],"up":[{"embeddable":true,"href":"https:\/\/jumper.it\/aiway\/wp-json\/wp\/v2\/pages\/10607"}],"wp:attachment":[{"href":"https:\/\/jumper.it\/aiway\/wp-json\/wp\/v2\/media?parent=12162"}],"curies":[{"name":"wp","href":"https:\/\/api.w.org\/{rel}","templated":true}]}}