{"id":13062,"date":"2025-02-09T12:55:26","date_gmt":"2025-02-09T12:55:26","guid":{"rendered":"https:\/\/jumper.it\/aiway\/?page_id=13062"},"modified":"2025-02-09T13:10:14","modified_gmt":"2025-02-09T13:10:14","slug":"aiway-rewind-videocorso","status":"publish","type":"page","link":"https:\/\/jumper.it\/aiway\/aiway-rewind-videocorso\/","title":{"rendered":"Aiway REWIND videocorso"},"content":{"rendered":"\t\t<div data-elementor-type=\"wp-page\" data-elementor-id=\"13062\" class=\"elementor elementor-13062\">\n\t\t\t\t\t\t<section class=\"elementor-section elementor-top-section elementor-element elementor-element-d338d8d elementor-section-boxed elementor-section-height-default elementor-section-height-default qodef-elementor-content-no\" data-id=\"d338d8d\" data-element_type=\"section\" data-e-type=\"section\">\n\t\t\t\t\t\t<div class=\"elementor-container elementor-column-gap-default\">\n\t\t\t\t\t<div class=\"elementor-column elementor-col-16 elementor-top-column elementor-element elementor-element-cb88c0c\" data-id=\"cb88c0c\" data-element_type=\"column\" data-e-type=\"column\">\n\t\t\t<div class=\"elementor-widget-wrap\">\n\t\t\t\t\t\t\t<\/div>\n\t\t<\/div>\n\t\t\t\t<div class=\"elementor-column elementor-col-66 elementor-top-column elementor-element elementor-element-092a2bc\" data-id=\"092a2bc\" data-element_type=\"column\" data-e-type=\"column\">\n\t\t\t<div class=\"elementor-widget-wrap elementor-element-populated\">\n\t\t\t\t\t\t<div class=\"elementor-element elementor-element-c94fdf4 elementor-widget elementor-widget-image\" data-id=\"c94fdf4\" data-element_type=\"widget\" data-e-type=\"widget\" data-widget_type=\"image.default\">\n\t\t\t\t<div class=\"elementor-widget-container\">\n\t\t\t\t\t\t\t\t\t\t\t\t\t\t\t<img fetchpriority=\"high\" decoding=\"async\" width=\"1024\" height=\"460\" src=\"https:\/\/jumper.it\/aiway\/wp-content\/uploads\/2025\/02\/aiway_rewind-1024x460.jpg\" class=\"attachment-large size-large wp-image-13064\" alt=\"Aiway REWIND - corso base riassuntivo su AI per fotografi\" srcset=\"https:\/\/jumper.it\/aiway\/wp-content\/uploads\/2025\/02\/aiway_rewind-1024x460.jpg 1024w, https:\/\/jumper.it\/aiway\/wp-content\/uploads\/2025\/02\/aiway_rewind-300x135.jpg 300w, https:\/\/jumper.it\/aiway\/wp-content\/uploads\/2025\/02\/aiway_rewind-768x345.jpg 768w, https:\/\/jumper.it\/aiway\/wp-content\/uploads\/2025\/02\/aiway_rewind-1536x690.jpg 1536w, https:\/\/jumper.it\/aiway\/wp-content\/uploads\/2025\/02\/aiway_rewind-2048x920.jpg 2048w\" sizes=\"(max-width: 1024px) 100vw, 1024px\" \/>\t\t\t\t\t\t\t\t\t\t\t\t\t\t\t<\/div>\n\t\t\t\t<\/div>\n\t\t\t\t\t<\/div>\n\t\t<\/div>\n\t\t\t\t<div class=\"elementor-column elementor-col-16 elementor-top-column elementor-element elementor-element-2416856\" data-id=\"2416856\" data-element_type=\"column\" data-e-type=\"column\">\n\t\t\t<div class=\"elementor-widget-wrap\">\n\t\t\t\t\t\t\t<\/div>\n\t\t<\/div>\n\t\t\t\t\t<\/div>\n\t\t<\/section>\n\t\t\t\t<section class=\"elementor-section elementor-top-section elementor-element elementor-element-e15fd0a elementor-section-boxed elementor-section-height-default elementor-section-height-default qodef-elementor-content-no\" data-id=\"e15fd0a\" data-element_type=\"section\" data-e-type=\"section\">\n\t\t\t\t\t\t<div class=\"elementor-container elementor-column-gap-default\">\n\t\t\t\t\t<div class=\"elementor-column elementor-col-16 elementor-top-column elementor-element elementor-element-df0ff86\" data-id=\"df0ff86\" data-element_type=\"column\" data-e-type=\"column\">\n\t\t\t<div class=\"elementor-widget-wrap\">\n\t\t\t\t\t\t\t<\/div>\n\t\t<\/div>\n\t\t\t\t<div class=\"elementor-column elementor-col-66 elementor-top-column elementor-element elementor-element-5ab2444\" data-id=\"5ab2444\" data-element_type=\"column\" data-e-type=\"column\">\n\t\t\t<div class=\"elementor-widget-wrap elementor-element-populated\">\n\t\t\t\t\t\t<div class=\"elementor-element elementor-element-b8a98f6 elementor-widget elementor-widget-text-editor\" data-id=\"b8a98f6\" data-element_type=\"widget\" data-e-type=\"widget\" data-widget_type=\"text-editor.default\">\n\t\t\t\t<div class=\"elementor-widget-container\">\n\t\t\t\t\t\t\t\t\t<p>Abbiamo creato un corso speciale, che parte dalle basi ma che vi permetter\u00e0 di arrivare al top, fondamentale se con l&#8217;immagine si lavora davvero e&#8230; ci si paga le bollette.\u00a0<\/p><p><strong>Il corso \u00e8 intensivo<\/strong>, dura ben 4 ore filate e super dense che daranno a tutti la possibilit\u00e0 di partire da zero e di arrivare ad un livello davvero elevatissimo di qualit\u00e0.<\/p><p><strong>In particolare, vi porteremo a realizzare immagini professionali di massimo fotorealismo<\/strong>, il livello pi\u00f9 difficile e pi\u00f9 affascinante (specialmente per dei fotografi) che si possa raggiungere e che ha una clausola per questo: bisogna essere professionisti della fotografia, con un bagaglio culturale e di esperienza nella \u201cfotografia vera\u201d\u2026 perch\u00e9 no, non \u00e8 vero che basta un prompt; no, non \u00e8 vero che basta un trucco; no, non \u00e8 vero che la qualit\u00e0 si ottiene cliccando un bottone (questo fatelo dire a chi di fotografia professionale non sa nulla).<\/p><p><br \/>\u00c8 proprio l\u2019esperienza e la cultura del conoscere il linguaggio della fotografia di qualit\u00e0 professionale, insieme alla tecnica e alla visione che vi garantiremo in questo corso, che fa e far\u00e0 la differenza.<\/p><p>\u00a0<\/p><p><strong>Questo corso affronta le seguenti tematiche:<\/strong><\/p><ul><li>Dalla fotografia &#8220;vera&#8221; all&#8217;AI<\/li><li>Come si crea un\u2019immagine AI di qualit\u00e0 professionale?<\/li><li>Piattaforme immagini: differenze e potenzialit\u00e0 (Midjourney, Firefly, Flux, Leonardo AI)<\/li><li>Basi del prompting visuale (poche formule e molta cultura visiva)<\/li><li>Come &#8220;scattare&#8221; immagini fotorealistiche con l&#8217;AI usando Midjourney<\/li><li>Come fare post-produzione e variazioni con l&#8217;AI<\/li><li>Come integrare l\u2019AI nei settori della fotografia (pubblicit\u00e0, moda, beauty, still life, privati\/matrimonio&#8230;)<\/li><li>Come creare un proprio stile davvero unico con l&#8217;AI usando gli Style References di Midjourney<\/li><li>Testi per contenuti SEO, social e pubblicitari con ChatGPT, Google Gemini, Monica AI,<\/li><li>Altre piattaforme AI: video (Kling, Runway), audio, musica (Suno, ElevenLabs)<\/li><li>Il mercato e come vendere immagini AI<\/li><\/ul>\t\t\t\t\t\t\t\t<\/div>\n\t\t\t\t<\/div>\n\t\t\t\t\t<\/div>\n\t\t<\/div>\n\t\t\t\t<div class=\"elementor-column elementor-col-16 elementor-top-column elementor-element elementor-element-eb0a0ac\" data-id=\"eb0a0ac\" data-element_type=\"column\" data-e-type=\"column\">\n\t\t\t<div class=\"elementor-widget-wrap\">\n\t\t\t\t\t\t\t<\/div>\n\t\t<\/div>\n\t\t\t\t\t<\/div>\n\t\t<\/section>\n\t\t\t\t<section class=\"elementor-section elementor-top-section elementor-element elementor-element-f0cb0b3 elementor-section-boxed elementor-section-height-default elementor-section-height-default qodef-elementor-content-no\" data-id=\"f0cb0b3\" data-element_type=\"section\" data-e-type=\"section\">\n\t\t\t\t\t\t<div class=\"elementor-container elementor-column-gap-default\">\n\t\t\t\t\t<div class=\"elementor-column elementor-col-16 elementor-top-column elementor-element elementor-element-23ff4f6\" data-id=\"23ff4f6\" data-element_type=\"column\" data-e-type=\"column\">\n\t\t\t<div class=\"elementor-widget-wrap\">\n\t\t\t\t\t\t\t<\/div>\n\t\t<\/div>\n\t\t\t\t<div class=\"elementor-column elementor-col-66 elementor-top-column elementor-element elementor-element-22a31f4\" data-id=\"22a31f4\" data-element_type=\"column\" data-e-type=\"column\">\n\t\t\t<div class=\"elementor-widget-wrap elementor-element-populated\">\n\t\t\t\t\t\t<div class=\"elementor-element elementor-element-b306358 elementor-widget-divider--view-line elementor-widget elementor-widget-divider\" data-id=\"b306358\" data-element_type=\"widget\" data-e-type=\"widget\" data-widget_type=\"divider.default\">\n\t\t\t\t<div class=\"elementor-widget-container\">\n\t\t\t\t\t\t\t<div class=\"elementor-divider\">\n\t\t\t<span class=\"elementor-divider-separator\">\n\t\t\t\t\t\t<\/span>\n\t\t<\/div>\n\t\t\t\t\t\t<\/div>\n\t\t\t\t<\/div>\n\t\t\t\t\t<\/div>\n\t\t<\/div>\n\t\t\t\t<div class=\"elementor-column elementor-col-16 elementor-top-column elementor-element elementor-element-2e06d08\" data-id=\"2e06d08\" data-element_type=\"column\" data-e-type=\"column\">\n\t\t\t<div class=\"elementor-widget-wrap\">\n\t\t\t\t\t\t\t<\/div>\n\t\t<\/div>\n\t\t\t\t\t<\/div>\n\t\t<\/section>\n\t\t\t\t<section class=\"elementor-section elementor-top-section elementor-element elementor-element-c630aa3 elementor-section-boxed elementor-section-height-default elementor-section-height-default qodef-elementor-content-no\" data-id=\"c630aa3\" data-element_type=\"section\" data-e-type=\"section\">\n\t\t\t\t\t\t<div class=\"elementor-container elementor-column-gap-default\">\n\t\t\t\t\t<div class=\"elementor-column elementor-col-100 elementor-top-column elementor-element elementor-element-f1da747\" data-id=\"f1da747\" data-element_type=\"column\" data-e-type=\"column\">\n\t\t\t<div class=\"elementor-widget-wrap elementor-element-populated\">\n\t\t\t\t\t\t<div class=\"elementor-element elementor-element-19f2028 elementor-widget elementor-widget-text-editor\" data-id=\"19f2028\" data-element_type=\"widget\" data-e-type=\"widget\" data-widget_type=\"text-editor.default\">\n\t\t\t\t<div class=\"elementor-widget-container\">\n\t\t\t\t\t\t\t\t\t<h3 style=\"text-align: center;\">Acquista il corso REWIND<\/h3>\t\t\t\t\t\t\t\t<\/div>\n\t\t\t\t<\/div>\n\t\t\t\t\t<\/div>\n\t\t<\/div>\n\t\t\t\t\t<\/div>\n\t\t<\/section>\n\t\t\t\t<section class=\"elementor-section elementor-top-section elementor-element elementor-element-8b20023 elementor-section-boxed elementor-section-height-default elementor-section-height-default qodef-elementor-content-no\" data-id=\"8b20023\" data-element_type=\"section\" data-e-type=\"section\">\n\t\t\t\t\t\t<div class=\"elementor-container elementor-column-gap-default\">\n\t\t\t\t\t<div class=\"elementor-column elementor-col-100 elementor-top-column elementor-element elementor-element-34acc41\" data-id=\"34acc41\" data-element_type=\"column\" data-e-type=\"column\">\n\t\t\t<div class=\"elementor-widget-wrap elementor-element-populated\">\n\t\t\t\t\t\t\t<\/div>\n\t\t<\/div>\n\t\t\t\t\t<\/div>\n\t\t<\/section>\n\t\t\t\t<section class=\"elementor-section elementor-top-section elementor-element elementor-element-55f4186 elementor-section-boxed elementor-section-height-default elementor-section-height-default qodef-elementor-content-no\" data-id=\"55f4186\" data-element_type=\"section\" data-e-type=\"section\">\n\t\t\t\t\t\t<div class=\"elementor-container elementor-column-gap-default\">\n\t\t\t\t\t<div class=\"elementor-column elementor-col-100 elementor-top-column elementor-element elementor-element-62b8485\" data-id=\"62b8485\" data-element_type=\"column\" data-e-type=\"column\">\n\t\t\t<div class=\"elementor-widget-wrap elementor-element-populated\">\n\t\t\t\t\t\t<div class=\"elementor-element elementor-element-94b6f17 elementor-widget elementor-widget-text-editor\" data-id=\"94b6f17\" data-element_type=\"widget\" data-e-type=\"widget\" data-widget_type=\"text-editor.default\">\n\t\t\t\t<div class=\"elementor-widget-container\">\n\t\t\t\t\t\t\t\t\t<p style=\"text-align: center;\"><a href=\"https:\/\/www.paypal.com\/ncp\/payment\/EWA2AXVTL7QAY\">Link<\/a><\/p>\t\t\t\t\t\t\t\t<\/div>\n\t\t\t\t<\/div>\n\t\t\t\t\t<\/div>\n\t\t<\/div>\n\t\t\t\t\t<\/div>\n\t\t<\/section>\n\t\t\t\t<section class=\"elementor-section elementor-top-section elementor-element elementor-element-2f2d384 elementor-section-boxed elementor-section-height-default elementor-section-height-default qodef-elementor-content-no\" data-id=\"2f2d384\" data-element_type=\"section\" data-e-type=\"section\">\n\t\t\t\t\t\t<div class=\"elementor-container elementor-column-gap-default\">\n\t\t\t\t\t<div class=\"elementor-column elementor-col-100 elementor-top-column elementor-element elementor-element-dff62fc\" data-id=\"dff62fc\" data-element_type=\"column\" data-e-type=\"column\">\n\t\t\t<div class=\"elementor-widget-wrap elementor-element-populated\">\n\t\t\t\t\t\t<div class=\"elementor-element elementor-element-8b04ef4 elementor-widget elementor-widget-text-editor\" data-id=\"8b04ef4\" data-element_type=\"widget\" data-e-type=\"widget\" data-widget_type=\"text-editor.default\">\n\t\t\t\t<div class=\"elementor-widget-container\">\n\t\t\t\t\t\t\t\t\t<p style=\"text-align: center;\">Per qualsiasi richiesta o domanda <a href=\"mailto:aiway@jumper.it\">scriveteci<\/a>!<\/p>\t\t\t\t\t\t\t\t<\/div>\n\t\t\t\t<\/div>\n\t\t\t\t\t<\/div>\n\t\t<\/div>\n\t\t\t\t\t<\/div>\n\t\t<\/section>\n\t\t\t\t<section class=\"elementor-section elementor-top-section elementor-element elementor-element-6186355 elementor-section-boxed elementor-section-height-default elementor-section-height-default qodef-elementor-content-no\" data-id=\"6186355\" data-element_type=\"section\" data-e-type=\"section\">\n\t\t\t\t\t\t<div class=\"elementor-container elementor-column-gap-default\">\n\t\t\t\t\t<div class=\"elementor-column elementor-col-100 elementor-top-column elementor-element elementor-element-67af72f\" data-id=\"67af72f\" data-element_type=\"column\" data-e-type=\"column\">\n\t\t\t<div class=\"elementor-widget-wrap elementor-element-populated\">\n\t\t\t\t\t\t<div class=\"elementor-element elementor-element-0bad87f elementor-widget-divider--view-line elementor-widget elementor-widget-divider\" data-id=\"0bad87f\" data-element_type=\"widget\" data-e-type=\"widget\" data-widget_type=\"divider.default\">\n\t\t\t\t<div class=\"elementor-widget-container\">\n\t\t\t\t\t\t\t<div class=\"elementor-divider\">\n\t\t\t<span class=\"elementor-divider-separator\">\n\t\t\t\t\t\t<\/span>\n\t\t<\/div>\n\t\t\t\t\t\t<\/div>\n\t\t\t\t<\/div>\n\t\t\t\t\t<\/div>\n\t\t<\/div>\n\t\t\t\t\t<\/div>\n\t\t<\/section>\n\t\t\t\t<\/div>\n\t\t","protected":false},"excerpt":{"rendered":"<p>Abbiamo creato un corso speciale, che parte dalle basi ma che vi permetter\u00e0 di arrivare al top, fondamentale se con l&#8217;immagine si lavora davvero e&#8230; ci si paga le bollette.\u00a0 Il corso \u00e8 intensivo, dura ben 4 ore filate e super dense che daranno a tutti la possibilit\u00e0 di partire da zero e di arrivare [&hellip;]<\/p>\n","protected":false},"author":2,"featured_media":13006,"parent":0,"menu_order":0,"comment_status":"closed","ping_status":"closed","template":"","meta":{"pmpro_default_level":"","footnotes":""},"class_list":["post-13062","page","type-page","status-publish","has-post-thumbnail","hentry","pmpro-has-access"],"_links":{"self":[{"href":"https:\/\/jumper.it\/aiway\/wp-json\/wp\/v2\/pages\/13062","targetHints":{"allow":["GET"]}}],"collection":[{"href":"https:\/\/jumper.it\/aiway\/wp-json\/wp\/v2\/pages"}],"about":[{"href":"https:\/\/jumper.it\/aiway\/wp-json\/wp\/v2\/types\/page"}],"author":[{"embeddable":true,"href":"https:\/\/jumper.it\/aiway\/wp-json\/wp\/v2\/users\/2"}],"replies":[{"embeddable":true,"href":"https:\/\/jumper.it\/aiway\/wp-json\/wp\/v2\/comments?post=13062"}],"version-history":[{"count":19,"href":"https:\/\/jumper.it\/aiway\/wp-json\/wp\/v2\/pages\/13062\/revisions"}],"predecessor-version":[{"id":13082,"href":"https:\/\/jumper.it\/aiway\/wp-json\/wp\/v2\/pages\/13062\/revisions\/13082"}],"wp:featuredmedia":[{"embeddable":true,"href":"https:\/\/jumper.it\/aiway\/wp-json\/wp\/v2\/media\/13006"}],"wp:attachment":[{"href":"https:\/\/jumper.it\/aiway\/wp-json\/wp\/v2\/media?parent=13062"}],"curies":[{"name":"wp","href":"https:\/\/api.w.org\/{rel}","templated":true}]}}