{"id":14177,"date":"2026-02-03T22:23:30","date_gmt":"2026-02-03T22:23:30","guid":{"rendered":"https:\/\/jumper.it\/aiway\/?page_id=14177"},"modified":"2026-02-03T22:23:32","modified_gmt":"2026-02-03T22:23:32","slug":"aiway-brain","status":"publish","type":"page","link":"https:\/\/jumper.it\/aiway\/aiway-brain\/","title":{"rendered":"Aiway Brain"},"content":{"rendered":"\t\t<div data-elementor-type=\"wp-page\" data-elementor-id=\"14177\" class=\"elementor elementor-14177\">\n\t\t\t\t\t\t<section class=\"elementor-section elementor-top-section elementor-element elementor-element-d338d8d elementor-section-boxed elementor-section-height-default elementor-section-height-default qodef-elementor-content-no\" data-id=\"d338d8d\" data-element_type=\"section\" data-e-type=\"section\">\n\t\t\t\t\t\t<div class=\"elementor-container elementor-column-gap-default\">\n\t\t\t\t\t<div class=\"elementor-column elementor-col-16 elementor-top-column elementor-element elementor-element-cb88c0c\" data-id=\"cb88c0c\" data-element_type=\"column\" data-e-type=\"column\">\n\t\t\t<div class=\"elementor-widget-wrap\">\n\t\t\t\t\t\t\t<\/div>\n\t\t<\/div>\n\t\t\t\t<div class=\"elementor-column elementor-col-66 elementor-top-column elementor-element elementor-element-092a2bc\" data-id=\"092a2bc\" data-element_type=\"column\" data-e-type=\"column\">\n\t\t\t<div class=\"elementor-widget-wrap elementor-element-populated\">\n\t\t\t\t\t\t<div class=\"elementor-element elementor-element-c94fdf4 elementor-widget elementor-widget-image\" data-id=\"c94fdf4\" data-element_type=\"widget\" data-e-type=\"widget\" data-widget_type=\"image.default\">\n\t\t\t\t<div class=\"elementor-widget-container\">\n\t\t\t\t\t\t\t\t\t\t\t\t\t\t\t<img fetchpriority=\"high\" decoding=\"async\" width=\"1024\" height=\"460\" src=\"https:\/\/jumper.it\/aiway\/wp-content\/uploads\/2025\/03\/aiwayBrain_Logo-1024x460.png\" class=\"attachment-large size-large wp-image-13088\" alt=\"\" srcset=\"https:\/\/jumper.it\/aiway\/wp-content\/uploads\/2025\/03\/aiwayBrain_Logo-1024x460.png 1024w, https:\/\/jumper.it\/aiway\/wp-content\/uploads\/2025\/03\/aiwayBrain_Logo-300x135.png 300w, https:\/\/jumper.it\/aiway\/wp-content\/uploads\/2025\/03\/aiwayBrain_Logo-768x345.png 768w, https:\/\/jumper.it\/aiway\/wp-content\/uploads\/2025\/03\/aiwayBrain_Logo-1536x690.png 1536w, https:\/\/jumper.it\/aiway\/wp-content\/uploads\/2025\/03\/aiwayBrain_Logo-2048x920.png 2048w\" sizes=\"(max-width: 1024px) 100vw, 1024px\" \/>\t\t\t\t\t\t\t\t\t\t\t\t\t\t\t<\/div>\n\t\t\t\t<\/div>\n\t\t\t\t\t<\/div>\n\t\t<\/div>\n\t\t\t\t<div class=\"elementor-column elementor-col-16 elementor-top-column elementor-element elementor-element-2416856\" data-id=\"2416856\" data-element_type=\"column\" data-e-type=\"column\">\n\t\t\t<div class=\"elementor-widget-wrap\">\n\t\t\t\t\t\t\t<\/div>\n\t\t<\/div>\n\t\t\t\t\t<\/div>\n\t\t<\/section>\n\t\t\t\t<section class=\"elementor-section elementor-top-section elementor-element elementor-element-e15fd0a elementor-section-boxed elementor-section-height-default elementor-section-height-default qodef-elementor-content-no\" data-id=\"e15fd0a\" data-element_type=\"section\" data-e-type=\"section\">\n\t\t\t\t\t\t<div class=\"elementor-container elementor-column-gap-default\">\n\t\t\t\t\t<div class=\"elementor-column elementor-col-16 elementor-top-column elementor-element elementor-element-df0ff86\" data-id=\"df0ff86\" data-element_type=\"column\" data-e-type=\"column\">\n\t\t\t<div class=\"elementor-widget-wrap\">\n\t\t\t\t\t\t\t<\/div>\n\t\t<\/div>\n\t\t\t\t<div class=\"elementor-column elementor-col-66 elementor-top-column elementor-element elementor-element-5ab2444\" data-id=\"5ab2444\" data-element_type=\"column\" data-e-type=\"column\">\n\t\t\t<div class=\"elementor-widget-wrap elementor-element-populated\">\n\t\t\t\t\t\t<div class=\"elementor-element elementor-element-b8a98f6 elementor-widget elementor-widget-text-editor\" data-id=\"b8a98f6\" data-element_type=\"widget\" data-e-type=\"widget\" data-widget_type=\"text-editor.default\">\n\t\t\t\t<div class=\"elementor-widget-container\">\n\t\t\t\t\t\t\t\t\t<p><strong>Aiway BRAIN<\/strong> \u00e8 una rivoluzionaria piattaforma di consulenza strategica, marketing e di business disponibile gratuitamente per i nostri abbonati AiwayLAB che produce analisi, dati e ricerche di mercato per il settore della fotografia e per i professionisti dell&#8217;immagine sviluppata ed alimentata dalla nostra redazione. La sua attivit\u00e0 \u00e8 caratterizzata da una serie di report molto approfonditi, realizzati con il supporto dell\u2019intelligenza artificiale pi\u00f9 evoluta e dalla maggiore capacit\u00e0 di ragionamento e scandagliando in profondit\u00e0 il web e poi sono stati rielaborati, completati, controllati ed impaginati dal nostro team. Al momento sono gi\u00e0 stati pubblicati e sono disponibili in formato PDF i seguenti report:<\/p>\n<p>\u00a0<\/p>\n<p class=\"p1\"><span class=\"s1\"><b>1. L\u2019evoluzione della SEO nell\u2019era dell\u2019Intelligenza Artificiale<\/b><br \/>Un\u2019analisi dettagliata su come l\u2019AI generativa stia trasformando le logiche della SEO tradizionale. Il report esamina search generative experience, modelli conversazionali, impatti su Google, Bing e piattaforme emergenti, includendo strategie per brand e agenzie.<br \/>\ud83d\udcc4 <b>41 pagine<\/b><b><\/b><\/span><\/p>\n<p>\u00a0<\/p>\n<p class=\"p1\"><span class=\"s1\"><b>2. Intelligenza Artificiale Generativa nel Marketing e nella Comunicazione<\/b><br \/>Un report approfondito, di taglio accademico ma con taglio operativo, che esplora le applicazioni dell\u2019AI generativa nei contesti aziendali, dalla creazione dei contenuti alla strategia creativa e commerciale, includendo case study e strumenti.<br \/>\ud83d\udcc4 <b>39 pagine<\/b><b><\/b><\/span><\/p>\n<p>\u00a0<\/p>\n<p class=\"p1\"><span class=\"s1\"><b>3. Evoluzione dei trend creativi nella fotografia di matrimonio e privati (2020\u20132025)<\/b><br \/>Il report esplora l\u2019impatto dell\u2019AI sulla fotografia per clienti privati, con attenzione a trend estetici globali, nuove modalit\u00e0 produttive, e strumenti emergenti nel workflow dei fotografi, dal culling automatizzato ai preset AI-driven.<br \/>\ud83d\udcc4 <b>59 pagine<\/b><b><\/b><\/span><\/p>\n<p>\u00a0<\/p>\n<p class=\"p1\"><span class=\"s1\"><b>4. Tecnologie e evoluzioni nella certificazione di veridicit\u00e0 delle fotografie<\/b><br \/>Una guida tecnica e critica su watermark invisibili, blockchain, C2PA, algoritmi AI di verifica e standard di autenticazione delle immagini digitali. Include case study industriali e impatti sul fotogiornalismo e il mondo forense.<br \/>\ud83d\udcc4 <b>73 pagine<\/b><b><\/b><\/span><\/p>\n<p>\u00a0<\/p>\n<p class=\"p1\"><span class=\"s1\"><b>5. L\u2019impatto dell\u2019AI nella professione dei fotografi: presente e futuro<\/b><br \/>Focus sull\u2019Europa (e in particolare l\u2019Italia), analizza come l\u2019AI stia cambiando i mercati fotografici professionali, settore per settore, delineando prospettive a 5 anni, nuove competenze richieste e strategie di adattamento.<br \/>\ud83d\udcc4 <b>71 pagine<\/b><b><\/b><\/span><\/p>\n<p>\u00a0<\/p>\n<p class=\"p1\"><span class=\"s1\"><b>6. Passive Income \u2013 Panoramica del settore fotografico e reddito passivo<\/b><br \/>Un report orientato all\u2019azione per fotografi che vogliono diversificare il proprio reddito. Include strategie AI-driven per stock photography, NFT, corsi, automazione e nuovi modelli di business scalabili.<br \/>\ud83d\udcc4 <b>82 pagine<\/b><b><\/b><\/span><\/p>\n<p>\u00a0<\/p>\n<p class=\"p1\"><span class=\"s1\"><b>7. Evoluzione del mercato delle agenzie di comunicazione nell\u2019era dell\u2019AI<\/b><br \/>Dati globali e regionali, trend di investimento e adozione tecnologica per agenzie di comunicazione e pubblicit\u00e0. Analisi dei modelli competitivi emergenti, con particolare attenzione all\u2019adozione dell\u2019AI generativa.<br \/>\ud83d\udcc4 <b>32 pagine<\/b><b><\/b><\/span><\/p>\n<p>\u00a0<\/p>\n<p class=\"p1\"><span class=\"s1\"><b>8. 50 consigli pratici per freelance del marketing e della creativit\u00e0 per sfruttare al meglio l\u2019AI generativa<\/b><br \/>Una guida concreta, operativa e brillante per freelance che vogliono integrare l\u2019AI nei propri flussi di lavoro quotidiani, dall\u2019ideazione alla produzione, dalla gestione clienti alla pianificazione.<br \/>\ud83d\udcc4 <b>24 pagine<\/b><b><\/b><\/span><\/p>\n<div>\u00a0<\/div>\n<p>Ma la rivoluzione non si limita agli eccezionali contenuti che abbiamo segnalato qui sopra e che sono, di fatto, i libri pi\u00f9\u00a0 specifici pi\u00f9 moderni, completi ed aggiornati disponibili in lingua italiana e che sono nati nello specifico per i fotografi e per i professionisti dell&#8217;immagine da chi da sempre pi\u00f9 specializzata in Italia in innovazione, strategia e marketing. Oltre alla lettura sequenziale, abbiamo inseriti tutti questi contenuti all&#8217;interno di una piattaforma AI dedicata ed esclusiva che permette di interrogare questi contenuti, sotto forma di domande, di chiarimenti e di richiesta di qualsiasi informazione: baster\u00e0 comporre la richiesta nella chat del sistema per avere in pochi secondi tutte le risposte che volete. Si, siamo entrati nell&#8217;era della consulenza, della formazione e dell&#8217;informazione con l&#8217;AI.<\/p>\n<p>Aiway BRAIN \u00e8 un servizio totalmente gratuito per gli abbonati Aiway LAB, se volete siete invitati tutti a farne parte.<\/p>\t\t\t\t\t\t\t\t<\/div>\n\t\t\t\t<\/div>\n\t\t\t\t\t<\/div>\n\t\t<\/div>\n\t\t\t\t<div class=\"elementor-column elementor-col-16 elementor-top-column elementor-element elementor-element-eb0a0ac\" data-id=\"eb0a0ac\" data-element_type=\"column\" data-e-type=\"column\">\n\t\t\t<div class=\"elementor-widget-wrap\">\n\t\t\t\t\t\t\t<\/div>\n\t\t<\/div>\n\t\t\t\t\t<\/div>\n\t\t<\/section>\n\t\t\t\t<section class=\"elementor-section elementor-top-section elementor-element elementor-element-72bd32e elementor-section-boxed elementor-section-height-default elementor-section-height-default qodef-elementor-content-no\" data-id=\"72bd32e\" data-element_type=\"section\" data-e-type=\"section\">\n\t\t\t\t\t\t<div class=\"elementor-container elementor-column-gap-default\">\n\t\t\t\t\t<div class=\"elementor-column elementor-col-100 elementor-top-column elementor-element elementor-element-d543dad\" data-id=\"d543dad\" data-element_type=\"column\" data-e-type=\"column\">\n\t\t\t<div class=\"elementor-widget-wrap elementor-element-populated\">\n\t\t\t\t\t\t<div class=\"elementor-element elementor-element-90dd697 elementor-widget elementor-widget-image\" data-id=\"90dd697\" data-element_type=\"widget\" data-e-type=\"widget\" data-widget_type=\"image.default\">\n\t\t\t\t<div class=\"elementor-widget-container\">\n\t\t\t\t\t\t\t\t\t\t\t\t\t\t\t<img decoding=\"async\" width=\"768\" height=\"480\" src=\"https:\/\/jumper.it\/aiway\/wp-content\/uploads\/2025\/03\/Screenshot-2025-03-22-alle-23.11.39-768x480.png\" class=\"attachment-medium_large size-medium_large wp-image-13089\" alt=\"\" srcset=\"https:\/\/jumper.it\/aiway\/wp-content\/uploads\/2025\/03\/Screenshot-2025-03-22-alle-23.11.39-768x480.png 768w, https:\/\/jumper.it\/aiway\/wp-content\/uploads\/2025\/03\/Screenshot-2025-03-22-alle-23.11.39-300x188.png 300w, https:\/\/jumper.it\/aiway\/wp-content\/uploads\/2025\/03\/Screenshot-2025-03-22-alle-23.11.39-1024x640.png 1024w, https:\/\/jumper.it\/aiway\/wp-content\/uploads\/2025\/03\/Screenshot-2025-03-22-alle-23.11.39-1536x960.png 1536w, https:\/\/jumper.it\/aiway\/wp-content\/uploads\/2025\/03\/Screenshot-2025-03-22-alle-23.11.39-2048x1280.png 2048w\" sizes=\"(max-width: 768px) 100vw, 768px\" \/>\t\t\t\t\t\t\t\t\t\t\t\t\t\t\t<\/div>\n\t\t\t\t<\/div>\n\t\t\t\t\t<\/div>\n\t\t<\/div>\n\t\t\t\t\t<\/div>\n\t\t<\/section>\n\t\t\t\t<section class=\"elementor-section elementor-top-section elementor-element elementor-element-f0cb0b3 elementor-section-boxed elementor-section-height-default elementor-section-height-default qodef-elementor-content-no\" data-id=\"f0cb0b3\" data-element_type=\"section\" data-e-type=\"section\">\n\t\t\t\t\t\t<div class=\"elementor-container elementor-column-gap-default\">\n\t\t\t\t\t<div class=\"elementor-column elementor-col-16 elementor-top-column elementor-element elementor-element-23ff4f6\" data-id=\"23ff4f6\" data-element_type=\"column\" data-e-type=\"column\">\n\t\t\t<div class=\"elementor-widget-wrap\">\n\t\t\t\t\t\t\t<\/div>\n\t\t<\/div>\n\t\t\t\t<div class=\"elementor-column elementor-col-66 elementor-top-column elementor-element elementor-element-22a31f4\" data-id=\"22a31f4\" data-element_type=\"column\" data-e-type=\"column\">\n\t\t\t<div class=\"elementor-widget-wrap elementor-element-populated\">\n\t\t\t\t\t\t<div class=\"elementor-element elementor-element-b306358 elementor-widget-divider--view-line elementor-widget elementor-widget-divider\" data-id=\"b306358\" data-element_type=\"widget\" data-e-type=\"widget\" data-widget_type=\"divider.default\">\n\t\t\t\t<div class=\"elementor-widget-container\">\n\t\t\t\t\t\t\t<div class=\"elementor-divider\">\n\t\t\t<span class=\"elementor-divider-separator\">\n\t\t\t\t\t\t<\/span>\n\t\t<\/div>\n\t\t\t\t\t\t<\/div>\n\t\t\t\t<\/div>\n\t\t\t\t\t<\/div>\n\t\t<\/div>\n\t\t\t\t<div class=\"elementor-column elementor-col-16 elementor-top-column elementor-element elementor-element-2e06d08\" data-id=\"2e06d08\" data-element_type=\"column\" data-e-type=\"column\">\n\t\t\t<div class=\"elementor-widget-wrap\">\n\t\t\t\t\t\t\t<\/div>\n\t\t<\/div>\n\t\t\t\t\t<\/div>\n\t\t<\/section>\n\t\t\t\t<section class=\"elementor-section elementor-top-section elementor-element elementor-element-c630aa3 elementor-section-boxed elementor-section-height-default elementor-section-height-default qodef-elementor-content-no\" data-id=\"c630aa3\" data-element_type=\"section\" data-e-type=\"section\">\n\t\t\t\t\t\t<div class=\"elementor-container elementor-column-gap-default\">\n\t\t\t\t\t<div class=\"elementor-column elementor-col-100 elementor-top-column elementor-element elementor-element-f1da747\" data-id=\"f1da747\" data-element_type=\"column\" data-e-type=\"column\">\n\t\t\t<div class=\"elementor-widget-wrap elementor-element-populated\">\n\t\t\t\t\t\t<div class=\"elementor-element elementor-element-19f2028 elementor-widget elementor-widget-text-editor\" data-id=\"19f2028\" data-element_type=\"widget\" data-e-type=\"widget\" data-widget_type=\"text-editor.default\">\n\t\t\t\t<div class=\"elementor-widget-container\">\n\t\t\t\t\t\t\t\t\t<h3 style=\"text-align: center;\">Abbonati ad Aiway LAB | Brain<\/h3>\t\t\t\t\t\t\t\t<\/div>\n\t\t\t\t<\/div>\n\t\t\t\t\t<\/div>\n\t\t<\/div>\n\t\t\t\t\t<\/div>\n\t\t<\/section>\n\t\t\t\t<section class=\"elementor-section elementor-top-section elementor-element elementor-element-55f4186 elementor-section-boxed elementor-section-height-default elementor-section-height-default qodef-elementor-content-no\" data-id=\"55f4186\" data-element_type=\"section\" data-e-type=\"section\">\n\t\t\t\t\t\t<div class=\"elementor-container elementor-column-gap-default\">\n\t\t\t\t\t<div class=\"elementor-column elementor-col-100 elementor-top-column elementor-element elementor-element-62b8485\" data-id=\"62b8485\" data-element_type=\"column\" data-e-type=\"column\">\n\t\t\t<div class=\"elementor-widget-wrap elementor-element-populated\">\n\t\t\t\t\t\t<div class=\"elementor-element elementor-element-94b6f17 elementor-widget elementor-widget-text-editor\" data-id=\"94b6f17\" data-element_type=\"widget\" data-e-type=\"widget\" data-widget_type=\"text-editor.default\">\n\t\t\t\t<div class=\"elementor-widget-container\">\n\t\t\t\t\t\t\t\t\t<p style=\"text-align: center;\"><a href=\"https:\/\/jumper.it\/aiway\/account-iscrizione\/pagamento-iscrizione\/?level=4\">Link<\/a><\/p>\t\t\t\t\t\t\t\t<\/div>\n\t\t\t\t<\/div>\n\t\t\t\t\t<\/div>\n\t\t<\/div>\n\t\t\t\t\t<\/div>\n\t\t<\/section>\n\t\t\t\t<section class=\"elementor-section elementor-top-section elementor-element elementor-element-2f2d384 elementor-section-boxed elementor-section-height-default elementor-section-height-default qodef-elementor-content-no\" data-id=\"2f2d384\" data-element_type=\"section\" data-e-type=\"section\">\n\t\t\t\t\t\t<div class=\"elementor-container elementor-column-gap-default\">\n\t\t\t\t\t<div class=\"elementor-column elementor-col-100 elementor-top-column elementor-element elementor-element-dff62fc\" data-id=\"dff62fc\" data-element_type=\"column\" data-e-type=\"column\">\n\t\t\t<div class=\"elementor-widget-wrap elementor-element-populated\">\n\t\t\t\t\t\t<div class=\"elementor-element elementor-element-8b04ef4 elementor-widget elementor-widget-text-editor\" data-id=\"8b04ef4\" data-element_type=\"widget\" data-e-type=\"widget\" data-widget_type=\"text-editor.default\">\n\t\t\t\t<div class=\"elementor-widget-container\">\n\t\t\t\t\t\t\t\t\t<p style=\"text-align: center;\">Per qualsiasi richiesta o domanda <a href=\"mailto:aiway@jumper.it\">scriveteci<\/a>!<\/p>\t\t\t\t\t\t\t\t<\/div>\n\t\t\t\t<\/div>\n\t\t\t\t\t<\/div>\n\t\t<\/div>\n\t\t\t\t\t<\/div>\n\t\t<\/section>\n\t\t\t\t<section class=\"elementor-section elementor-top-section elementor-element elementor-element-6186355 elementor-section-boxed elementor-section-height-default elementor-section-height-default qodef-elementor-content-no\" data-id=\"6186355\" data-element_type=\"section\" data-e-type=\"section\">\n\t\t\t\t\t\t<div class=\"elementor-container elementor-column-gap-default\">\n\t\t\t\t\t<div class=\"elementor-column elementor-col-100 elementor-top-column elementor-element elementor-element-67af72f\" data-id=\"67af72f\" data-element_type=\"column\" data-e-type=\"column\">\n\t\t\t<div class=\"elementor-widget-wrap elementor-element-populated\">\n\t\t\t\t\t\t<div class=\"elementor-element elementor-element-0bad87f elementor-widget-divider--view-line elementor-widget elementor-widget-divider\" data-id=\"0bad87f\" data-element_type=\"widget\" data-e-type=\"widget\" data-widget_type=\"divider.default\">\n\t\t\t\t<div class=\"elementor-widget-container\">\n\t\t\t\t\t\t\t<div class=\"elementor-divider\">\n\t\t\t<span class=\"elementor-divider-separator\">\n\t\t\t\t\t\t<\/span>\n\t\t<\/div>\n\t\t\t\t\t\t<\/div>\n\t\t\t\t<\/div>\n\t\t\t\t\t<\/div>\n\t\t<\/div>\n\t\t\t\t\t<\/div>\n\t\t<\/section>\n\t\t\t\t<\/div>\n\t\t","protected":false},"excerpt":{"rendered":"<p>Aiway BRAIN \u00e8 una rivoluzionaria piattaforma di consulenza strategica, marketing e di business disponibile gratuitamente per i nostri abbonati AiwayLAB che produce analisi, dati e ricerche di mercato per il settore della fotografia e per i professionisti dell&#8217;immagine sviluppata ed alimentata dalla nostra redazione. La sua attivit\u00e0 \u00e8 caratterizzata da una serie di report molto [&hellip;]<\/p>\n","protected":false},"author":1,"featured_media":14209,"parent":0,"menu_order":0,"comment_status":"closed","ping_status":"closed","template":"","meta":{"pmpro_default_level":"","footnotes":""},"class_list":["post-14177","page","type-page","status-publish","has-post-thumbnail","hentry","pmpro-has-access"],"_links":{"self":[{"href":"https:\/\/jumper.it\/aiway\/wp-json\/wp\/v2\/pages\/14177","targetHints":{"allow":["GET"]}}],"collection":[{"href":"https:\/\/jumper.it\/aiway\/wp-json\/wp\/v2\/pages"}],"about":[{"href":"https:\/\/jumper.it\/aiway\/wp-json\/wp\/v2\/types\/page"}],"author":[{"embeddable":true,"href":"https:\/\/jumper.it\/aiway\/wp-json\/wp\/v2\/users\/1"}],"replies":[{"embeddable":true,"href":"https:\/\/jumper.it\/aiway\/wp-json\/wp\/v2\/comments?post=14177"}],"version-history":[{"count":1,"href":"https:\/\/jumper.it\/aiway\/wp-json\/wp\/v2\/pages\/14177\/revisions"}],"predecessor-version":[{"id":14210,"href":"https:\/\/jumper.it\/aiway\/wp-json\/wp\/v2\/pages\/14177\/revisions\/14210"}],"wp:featuredmedia":[{"embeddable":true,"href":"https:\/\/jumper.it\/aiway\/wp-json\/wp\/v2\/media\/14209"}],"wp:attachment":[{"href":"https:\/\/jumper.it\/aiway\/wp-json\/wp\/v2\/media?parent=14177"}],"curies":[{"name":"wp","href":"https:\/\/api.w.org\/{rel}","templated":true}]}}